e u(9). Let c be (t/(5 + -2))/1. Suppose -4*h - 6 = -v, 4*v - h - c = -6*h. Calculate the greatest common divisor of 20 and v.
2
Let b(l) = -2 + 1 + 2 + 11*l**2. Let i be b(1). Suppose 2*o - 2*q = 40, -4*o + 2*q + 44 = -32. What is the greatest common factor of o and i?
6
Let w be 35/10 - 2/4. Suppose -w*z = -5*d + 41, 21 = 2*d + d - 3*z. Let a be 6/2*8/6. What is the greatest common divisor of a and d?
2
Let p = -4 + -1. Let g = 5 + p. Suppose 0 = -g*d - 2*d + 20. What is the greatest common factor of 25 and d?
5
Let u(i) be the third derivative of 7*i**5/30 + 3*i**2. Let s be u(-1). Let w = s + -8. Calculate the highest common divisor of w and 15.
3
Suppose -4 = -0*h - h. Let w = 112 + -68. What is the greatest common factor of h and w?
4
Suppose -11 = -4*r + 9. Let v = -22 + 16. Let f(q) = -q**3 - 5*q**2 - 3*q - 9. Let k be f(v). What is the greatest common divisor of k and r?
5
Suppose v - 8 = 15. Suppose -v = -f + 2*g, 5*f = -2*g + 88 - 21. Let s = -42 - -102. What is the highest common factor of f and s?
15
Suppose 0 = -5*z + m + 64, 2*z - 5*m - 60 = -3*z. What is the highest common factor of z and 91?
13
Let p be (-542)/(-3) - 4/6. Suppose 0 = 5*o - p - 315. Let q = 2263 + -2252. What is the highest common factor of o and q?
11
Suppose -5*s - 5 = -6*s. Suppose s*t - 56 = t. What is the greatest common factor of t and 14?
14
Suppose -2*b = -3*b - 34. Let w = 76 + b. Calculate the highest common factor of 6 and w.
6
Let q(x) = 3*x + 13. Let g be q(6). Suppose g + 49 = 4*j. Calculate the greatest common divisor of j and 4.
4
Let i = 5 + 0. Let b(w) be the first derivative of w**2/2 - w - 2. Let a be b(i). What is the greatest common factor of a and 20?
4
Suppose m + 2*m - 12 = 0. Suppose t = 2*t - m. Suppose -4*n = -5*d + 75, -n + 60 = t*d + 3*n. Calculate the highest common divisor of 135 and d.
15
Suppose -4*j + 13 = -3. Let s be 1*(1 - j)*-1. What is the greatest common divisor of s and 3?
3
Let p(c) = c**2 - 6*c - 1. Let o be p(6). Let w(x) = 22*x**2 + x + 1. Let f be w(o). What is the highest common factor of 33 and f?
11
Let j = 3 - -1. Suppose x - s = 14, j*s + 11 - 39 = -3*x. Let a = 116 - 68. Calculate the greatest common factor of x and a.
12
Let f(t) = -t**3 + 7*t**2 - 2*t + 2. Let w be (-2 + (3 - 1))/(-2). Let p = w + 6. Let c be f(p). Calculate the greatest common divisor of 13 and c.
13
Let c be (-3)/(-3) - (1 - 0). Suppose 0 = -4*q - c*q + 12. Suppose q*l = -2*j + 69, 0*j - 3*j + l + 76 = 0. What is the greatest common factor of 3 and j?
3
Suppose -16 + 0 = -4*k. Let q be 86 - ((k - 4) + -2). What is the greatest common divisor of 11 and q?
11
Suppose l - 88 = -22. Let s(w) = -3*w + 7. Let o be s(6). Let m = -5 - o. What is the greatest common factor of m and l?
6
Let v = -322 - -474. What is the greatest common divisor of 8 and v?
8
Suppose 3*s = -s + 20. Let g = s - -1. Let f be 1/g + 598/12. What is the highest common factor of f and 10?
10
Suppose 0 = 5*j + 5*i + 10, -5*j - 7 = -5*i + 3. Let y be (25/j - 0)*-2. Let w = y - 14. Calculate the greatest common factor of w and 44.
11
Let h = 37 - 7. Suppose 0 = 3*r - 2*n - 994, -4*n = -3*r + 4*r - 322. Calculate the highest common factor of r and h.
30
Suppose 5*u - 17 = -4*v + 32, 2*v = 3*u - 25. Calculate the greatest common factor of u and 99.
9
Let f(k) = -k**3 - 5*k**2 + 11*k + 4. Let w be f(-8). What is the highest common divisor of 12 and w?
12
Suppose 0 = 3*p - 3*l - 15, 8 + 0 = 4*p + 2*l. Calculate the greatest common factor of 15 and p.
3
Suppose 55 - 5 = -5*o. Let w = -28 + o. Let b = w - -58. Calculate the highest common divisor of 5 and b.
5
Let u = 11 + 2. What is the highest common divisor of 52 and u?
13
Let l be -7*(36/14)/(-1). Calculate the highest common factor of l and 72.
18
Let d be (-100)/(-175) - 790/(-14). What is the highest common factor of d and 38?
19
Suppose 0*w - w - 4*g - 10 = 0, -3*w + 5*g + 21 = 0. Calculate the highest common divisor of 5 and w.
1
Let x(r) be the third derivative of 3*r**4/8 + r**3/6 + 3*r**2. Let w be x(2). What is the greatest common factor of 19 and w?
19
Suppose 5*r - 1 = 9. Let o = -2 + r. Let x(t) = t**2 - t + 8. Let b be x(o). Calculate the highest common divisor of 64 and b.
8
Let m be 6/(-4)*(-304)/24. Calculate the greatest common divisor of 57 and m.
19
Let g = 3 + 10. Let k = 245 - g. Calculate the greatest common factor of 29 and k.
29
Let p be 33/(-6) + 5 + (-63)/(-2). What is the highest common divisor of p and 279?
31
Let i = -1 - -3. Suppose 2*j - 24 = -i*j. Let s(f) = -2*f - 9. Let w be s(-6). Calculate the greatest common factor of w and j.
3
Let t(y) = 2*y**3 - 5*y - 2. Let g be t(4). Suppose g = 4*v + 5*k, k - 122 = -4*v - v. Calculate the greatest common divisor of v and 6.
6
Suppose -44*m - 40 = -46*m. What is the highest common factor of 60 and m?
20
Let a(x) = -x - 1. Let z be a(-4). Suppose -4*y + 60 = -4*m, -3*y + 39 = -4*m + z*m. Calculate the highest common divisor of y and 12.
12
Suppose -197 = -5*z + 163. Let f = -37 - -24. Let i = 22 + f. Calculate the highest common factor of z and i.
9
Let o be (-3)/(((-2)/(-52))/((-2)/4)). What is the greatest common factor of o and 13?
13
Let l = 11 + -4. Suppose 22 = l*o - 5*o. What is the highest common divisor of o and 1?
1
Let x(i) = -2*i - 2. Let f be x(-2). Suppose -2*a = f*a + 16. Let w(s) = -s**3 - 3*s**2 + s + 4. Let r be w(a). What is the greatest common factor of r and 80?
16
Let m(i) = -i + 4. Let o be m(5). Let c be (-34)/(-2) + 2 + o. What is the highest common factor of c and 36?
18
Let i = -5 + 8. Suppose 0 = -i*a - 0*a. Let h(d) = -d**3 + d**2 + d + 27. Let t be h(a). Calculate the highest common divisor of t and 3.
3
Let o(x) = x**3 + 12*x**2 - 15*x + 10. Let p be o(-13). Calculate the highest common factor of p and 48.
12
Let m be ((-2)/(-6))/(1/15). Suppose 4*i - z - 10 = 0, -i = -4*z - 0*z + m. Calculate the highest common factor of 2 and i.
1
Suppose 5*d - 512 = 268. Let b = d - 101. Suppose -44 = -0*t - 2*t. Calculate the greatest common divisor of t and b.
11
Let q be 6/(-33) - 48/(-22). Let c = q + -1. What is the greatest common divisor of c and 8?
1
Suppose -k = v - 14, 3*v + 2 = 6*v - 5*k. Let r be (-1 + -1)/(2/149). Let d = 248 + r. Calculate the highest common divisor of v and d.
9
Let w = -995 - -1427. Calculate the highest common divisor of w and 36.
36
Let k be 16 - 13 - 9/(-1). Let u = 7 + -5. Suppose u*c - 4*c = -k. What is the greatest common divisor of 60 and c?
6
Let w(i) = 2*i**2 - 9*i + 5. Let h = -11 - -18. Let g be w(h). Calculate the highest common divisor of g and 20.
20
Let u(y) = -5*y + 4. Let c be u(-4). Let r = -664 - -700. What is the greatest common divisor of c and r?
12
Suppose 0 = -2*d - 2*f + 34, -d + 3*f = -2 + 5. What is the greatest common divisor of d and 12?
12
Let v(w) = w**2 - 6*w + 5. Let h be v(8). Let m = h + 94. Calculate the highest common divisor of m and 23.
23
Suppose -3*c = -i - 104, 0 = 2*c - 3*c - 4*i + 52. Suppose 196 = -4*s - c. Let x = -16 - s. What is the highest common divisor of x and 14?
14
Let h = 7 - 4. Suppose -h*a - 118 = -5*a. Suppose -17 = -y + a. What is the greatest common divisor of y and 19?
19
Let m(l) = -l + 9. Let y be m(9). Suppose y = -j - 2*w + 6, w - 26 = 5*j - 3*w. Let q be 2/4*4 - j. Calculate the highest common divisor of q and 4.
4
Suppose -5*d = 2*y - 20, -2*d - 2*y - 3 = -17. What is the highest common divisor of d and 2?
2
Suppose 0 = -3*n - 2*c - 225, 5*n + 564 = 5*c + 189. Let z = n - -130. What is the greatest common factor of 11 and z?
11
Let y(c) = -c**2 + 9*c - 10. Let l = 4 + 3. Let f be y(l). Suppose -2*t - 20 = -6*t - n, 0 = -5*t + 5*n. Calculate the highest common factor of t and f.
4
Let x be 2*(-2)/4 - -4. Suppose -x*o = -160 - 299. Calculate the highest common divisor of o and 17.
17
Let k be ((-135)/2)/(-15) + (-1)/2. What is the greatest common divisor of 44 and k?
4
Let h be 0/(-2)*(-1)/1. Suppose c + h*c + 14 = -4*o, 11 = -o - 4*c. Let w(x) = 4*x**2 - x - 3. Let f be w(o). What is the greatest common divisor of f and 90?
18
Let z be (24/10 - 2)*15. What is the highest common factor of 4 and z?
2
Let i(n) = -n**3 - n**2 + 3*n - 4. Let f be i(-3). Let w = -204 + 209. What is the greatest common factor of f and w?
5
Suppose i + 10 = 3*